+ 0*s - 6*s**2 + 0 + 1/60*s**5 - s**3 - 1/24*s**4. Give v(q).
-6
Let t(f) be the first derivative of -11/3*f**3 + 0*f + 0*f**2 - 10 - 1/60*f**5 + 1/3*f**4. Let j(b) be the third derivative of t(b). Calculate j(7).
-6
Let g(q) = -q**2 - 7*q + 2. Let a = 2 - 1. Let p(j) = j - 1. Let s(r) = -r. Let b(k) = a*p(k) - 4*s(k). Let n be b(-1). Calculate g(n).
8
Let b(a) be the first derivative of -a - 1/4*a**4 + 4 + a**3 + 1/2*a**2. Suppose -1 = -k + 4*y - 3*y, -y - 13 = -5*k. Give b(k).
2
Let y(n) be the third derivative of 0*n - 1/12*n**4 - n**2 + 0 + 1/3*n**3 - 1/60*n**5. Let j = -41 + 38. What is y(j)?
-1
Suppose 0 = -14*b - 74 + 32. Let i(c) = -2*c**2 - 3*c + 2. Calculate i(b).
-7
Let q(r) = r**3 - 7*r**2 - r + 1. Suppose 743*z - 746*z + 21 = 0. Determine q(z).
-6
Let x be (16/(-3))/(-2) + (-1)/(-3). Suppose -5*b = -4*i - 28, -3*i - 12 = -x*b + 9. Let g(h) = 2*h + 9. Give g(i).
-5
Suppose 4*t - 4*i = 24, 0*t + 16 = 2*t - 4*i. Let q = t + -1. Suppose -q*d + d - 6 = 0. Let z(x) = 4*x + 4. Calculate z(d).
-8
Let v = 41 - 42. Let h(s) = -s + 3*s + 15*s**2 - 2*s + s. Give h(v).
14
Suppose -11 + 31 = 4*g. Let t(q) be the third derivative of q**5/60 + q**4/24 + q**3/6 - 4*q**2. Let o(h) be the first derivative of t(h). Give o(g).
11
Let b(v) be the third derivative of v**5/30 + 7*v**4/24 + 5*v**3/6 - v**2. Let g be 546/(-130) - 8/10. What is b(g)?
20
Let w(x) = -70*x - 84*x - 25 + 156*x. Determine w(15).
5
Let f = -4 + -1. Let v(j) be the first derivative of j**4/12 + 7*j**3/6 + j**2/2 - 2*j - 1. Let n(l) be the first derivative of v(l). Determine n(f).
-9
Let w(b) = -8*b - 1. Let n(r) = 7*r + 1. Suppose 35*p - 12 = 33*p. Let m(s) = p*w(s) + 7*n(s). Determine m(3).
4
Let v(o) = o + 6. Suppose -2*b + 0*b = 2*g + 6, b - 9 = 2*g. Give v(g).
2
Let t(c) = c**2 - 3*c - 2. Suppose 0 = -2*d - 3*d + 200. Let h be ((-60)/(-16))/(6/d). Suppose -10*b = -5*b - h. Give t(b).
8
Let o(v) be the first derivative of v**3/3 + 3*v**2/2 + 3*v + 126. What is o(-4)?
7
Let p(y) = -3*y**3 - 7*y - 6. Let b be p(-1). Let o(f) = 1 + 3 - 3 + 3*f. Determine o(b).
13
Let j(p) = -p**3 + 5*p**2 - 3*p - 1. Suppose 3*t + 50 = 4*t. Let x be t*((-24)/20)/(-3). Suppose -f + x = 4*f. Give j(f).
3
Suppose -3*d - 40 = -5*d. Suppose -4*g - d = -s, 0*s - 4*g = -5*s + 36. Let m(u) = -u + 3. Calculate m(s).
-1
Let q(g) = g**3 + 6*g**2 - 2*g - 6. Let l(y) = 2. Let o(x) = 2*x - 31. Let n(d) = -18*l(d) - 2*o(d). Let s be n(8). What is q(s)?
6
Let f(m) = -m**2 + 8*m + 10. Let h(a) = a**2 - 10*a - 10. Let y(q) = 3*f(q) + 2*h(q). What is y(6)?
-2
Let x(w) = w - 28. Let z be x(34). Let i(k) = -k**2 + 2*k + 8. What is i(z)?
-16
Let j be (-4)/6 + 46/6. Let w = -2 + j. Let u(p) = w + 5*p**2 - 3 - 3 + 5*p**2. What is u(1)?
9
Let t(x) be the second derivative of x**3/3 + 15*x**2 - 45*x. Let j be t(-14). Let p(i) = -6*i - 2. Calculate p(j).
-14
Let l(s) be the first derivative of -s**2 - 5*s + 6. Give l(-4).
3
Let t(u) = u**2 - 3. Let h be t(3). Let p be (1 - (-3 + h))/(-2). Let z(c) = -3 + 5 - p - 2*c. Calculate z(6).
-11
Let w(h) = 14*h + 1. Let x(y) = -28*y - 3. Let b(s) = 5*w(s) + 2*x(s). Let j(f) = 6*f + 29. Let p be j(-4). Suppose -p*r = 2 + 3. Calculate b(r).
-15
Let f be 30/4*2/3. Let j = f + 0. Let r(k) = 4*k + 7 - 3*k - 4 - 5*k**2 - 3*k + k**3. Determine r(j).
-7
Let k(f) = -f**3 + 3*f**2 + 2*f. Suppose 3*h - 5 = 1. Give k(h).
8
Let q = -57 - -59. Let r(c) = c**3 - 14*c**2 + 9 + 4*c + 3*c + 22*c**q. Give r(-7).
9
Let q(o) = -5*o + 2. Let w(t) = -69*t + 24. Let f(p) = -27*q(p) + 2*w(p). Give f(7).
-27
Let j = -201 - -209. Let i(a) = -a**3 + 8*a**2 - a + 10. Determine i(j).
2
Let d be (-13)/((-348)/346 + (-8)/(-8)). Let l(m) = -2249 + d - 3*m. What is l(5)?
-15
Let x(u) = 4 + 10*u + 80*u**3 - 2 + 73*u**3 - 10*u**2 - 152*u**3. Determine x(9).
11
Let l(b) be the second derivative of b**4/12 - b**3 + 3*b**2/2 - 75*b. Let t(m) = -m**2 + 8*m - 1. Let u be t(7). Calculate l(u).
3
Let l(p) = -6*p**2 + 2*p - 9. Let x(q) = q**2 + q. Let u(g) = -l(g) - 5*x(g). Suppose 0 = -12*s + 17*s - 30. Determine u(s).
3
Let t(g) be the first derivative of -3*g**2/2 + 7*g - 85. Determine t(-7).
28
Let f(j) = j**3 + 8*j**2 - 40. Let s be f(-7). Let z(b) = -b**2 + 11*b - 20. What is z(s)?
-2
Let k(r) be the first derivative of -r**2 + 3*r - 1. Suppose 2*n + 20 = 4*o - 36, 2*o = -3*n + 44. Suppose 0 = 5*u + m - 4 + o, 4*u = -3*m - 3. Calculate k(u).
9
Let u(l) be the second derivative of l**5/20 - 2*l**4/3 + l**3 - 21*l. What is u(7)?
-7
Let d(j) = -j**3. Let s(y) = -10*y**3 - 2*y**2 + y. Let m(l) = -d(l) + s(l). Let w be m(1). Let a be (2/(-3))/(w/60). Let k(g) = g + 5. Give k(a).
9
Let d(i) = i**2 + 6*i - 6. Suppose 5*t - 32 = 78. Let k = -10 + t. Suppose k = -2*q - 0. What is d(q)?
-6
Let l = 77 - 75. Let i be (-7)/(21/(-9))*l/3. Let b(d) = 3*d**2 + 0*d**2 - 1 - 2*d - 1. Give b(i).
6
Let y(z) be the third derivative of -z**5/60 - 5*z**4/24 + z**3/2 + 337*z**2. What is y(-4)?
7
Suppose -2*j + 45 = 51. Let c(z) = 2*z - 1. Calculate c(j).
-7
Suppose 8 = 3*p + 23. Let h(s) be the first derivative of s**3/3 + 3*s**2 + 8. What is h(p)?
-5
Let h(i) = -i**3 - 19*i**2 - 18*i + 13. Suppose 2*j - 4*s + 3 = -37, -2*j = -s + 37. What is h(j)?
13
Suppose -b = -2*b + 20. Suppose -l - b = 3*l. Let d(r) = 5 + r + r**2 + 6*r - 1. Give d(l).
-6
Suppose 5*d + 5*h + 60 = 0, 51*d + 3*h - 24 = 54*d. Let i(o) = o**3 + 11*o**2 + 11*o - 4. Give i(d).
-14
Let g(i) = i**3 + 12*i**2 - 13*i + 2. Let l be g(-13). Suppose 5*w - 19 = l*c - 1, -2*w = -4*c - 20. Let f(v) = -v - 477*v**w + 476*v**2 + 3*v. Determine f(2).
0
Let s(z) = z**3 + 8*z**2 + z. Let q(g) = -g**2 - 1. Let h(r) = -3*q(r) - s(r). Calculate h(-5).
8
Let y(z) be the third derivative of -z**5/60 + z**4/3 + z**3 + 63*z**2 - 1. Let t = 24 - 17. What is y(t)?
13
Let z(j) = j**2 - 9*j + 6. Suppose 3*w + 92 = 4*b - 0*b, -4*w = 16. Suppose 16*n = b*n - 28. Determine z(n).
-8
Let q(g) be the first derivative of -1 + 1/24*g**4 + 5/6*g**3 - 2*g**2 + 0*g. Let k(l) be the second derivative of q(l). Calculate k(-6).
-1
Let f(j) be the first derivative of j**4/4 - 2*j**3 + 5*j**2/2 - j + 2. Let q be ((-15)/6)/(2/(-4)). What is f(q)?
-1
Let j(q) be the second derivative of q**6/360 + 7*q**5/120 + q**4/24 - q**3 + 19*q. Let m(u) be the second derivative of j(u). Calculate m(-6).
-5
Let n(p) = p**2 - 10*p + 10. Suppose 4*d + d + 5*r = -135, 3*d + r = -83. Let u = d - -37. Calculate n(u).
1
Let t(q) be the first derivative of -q**4/4 - 14*q**3/3 - 7*q**2 - 15*q + 36. Give t(-13).
-2
Let k(n) = n**3 - 9*n**2 + 10*n - 12. Let h(s) = -2*s**3 + 18*s**2 - 19*s + 26. Let r(z) = -6*h(z) - 13*k(z). Calculate r(6).
12
Let t(w) = w**3 - w**2 - w - 8. Let s be t(0). Let j be (-600)/(-33) + s/44. Let f(r) = 23 + 4*r - 5*r - j. What is f(8)?
-3
Let d(h) = 7*h**2 - 5*h + 3. Let y be -2*((-9)/(-12))/((-33)/22). Calculate d(y).
5
Let w = 19 - 22. Let s be (-11 - w) + 1 - -1. Let k = s + 10. Let b(x) = x**3 - 4*x**2 - x + 3. Determine b(k).
-1
Let p(s) be the second derivative of -s**4/6 + s**3/6 + s**2 + 8*s. Let j(k) be the first derivative of p(k). Determine j(-1).
5
Let s(l) be the second derivative of l**4/12 - l**3 + 3*l**2/2 - l. Let x = -20 - -20. Suppose x = k - 0 - 6. What is s(k)?
3
Let j(x) = 4*x + 0*x - 7*x - 3. Let y(s) = -s. Let r(u) = -j(u) + y(u). Let p(i) = -2*i**2 - i + 2. Let l be p(-2). Give r(l).
-5
Let t(g) = -g + 1. Suppose m - 18 = -5*m. Suppose -m*h + 7 = -2. Determine t(h).
-2
Let u(y) = -3*y - 2. Let o(n) = 4*n + 3. Let m(z) = 5*o(z) + 7*u(z). Let w(h) = -h**2 - 2*h + 81. Let i be w(-10). What is m(i)?
0
Let j(g) be the second derivative of g**5/20 - 9*g**2/2 + g - 10. Suppose 3*d = 8*d. Determine j(d).
-9
Let w(m) = -8*m. Let g(a) = 19*a. Let u(s) = -3*g(s) - 7*w(s). Let h(l) = -l**2 - 6*l + 2. Let p be h(-6). Calculate u(p).
-2
Let g(j) = 7*j - 13. Let h be 308/38 + 46/(-437) - 2. Give g(h).
29
Let t(l) = -l**3 + 10*l**2 - 8*l + 5. Let i(f) = -f - 19. Let j be i(-28). What is t(j)?
14
Let m(d) = 2 + 5137*d + 2 - 5135*d. Determine m(-6).
-8
Let z(k) = -860971*k + 860993*k - 2*k**3 - 18*k**2 - 25*k**2. Give z(-22).
0
Let z = 83 - 76. Let g(o) = -o**3 + 6*o**2 + 5*o + 7. Calculate g(z).
-7
Let x(v) = v**2 + 15*v + 9. Suppose -q - 4 - 10 = 0. Give x(q).
-5
Suppose 59*c = 63*c - 376. Let i = c - 9